{"version":"1.0","provider_name":"\u0627\u0644\u0647\u064a\u0626\u0629 \u0627\u0644\u0648\u0637\u0646\u064a\u0629 \u0644\u062d\u0642\u0648\u0642 \u0627\u0644\u0625\u0646\u0633\u0627\u0646 - \u0644\u0628\u0646\u0627\u0646","provider_url":"https:\/\/nhrclb.org\/fr","author_name":"NHRCLB","author_url":"https:\/\/nhrclb.org\/fr\/archives\/author\/admin2024","title":"La CNDH pr\u00e9sente son avis sur deux propositions de loi visant \u00e0 encadrer l\u2019utilisation des r\u00e9seaux sociaux par les enfants | \u0627\u0644\u0647\u064a\u0626\u0629 \u0627\u0644\u0648\u0637\u0646\u064a\u0629 \u0644\u062d\u0642\u0648\u0642 \u0627\u0644\u0625\u0646\u0633\u0627\u0646 - \u0644\u0628\u0646\u0627\u0646","type":"rich","width":600,"height":338,"html":"<blockquote class=\"wp-embedded-content\" data-secret=\"0u37D58Jjv\"><a href=\"https:\/\/nhrclb.org\/fr\/archives\/8329\">La CNDH pr\u00e9sente son avis sur deux propositions de loi visant \u00e0 encadrer l\u2019utilisation des r\u00e9seaux sociaux par les enfants<\/a><\/blockquote><iframe sandbox=\"allow-scripts\" security=\"restricted\" src=\"https:\/\/nhrclb.org\/fr\/archives\/8329\/embed#?secret=0u37D58Jjv\" width=\"600\" height=\"338\" title=\"\u00ab\u00a0La CNDH pr\u00e9sente son avis sur deux propositions de loi visant \u00e0 encadrer l\u2019utilisation des r\u00e9seaux sociaux par les enfants\u00a0\u00bb &#8212; \u0627\u0644\u0647\u064a\u0626\u0629 \u0627\u0644\u0648\u0637\u0646\u064a\u0629 \u0644\u062d\u0642\u0648\u0642 \u0627\u0644\u0625\u0646\u0633\u0627\u0646 - \u0644\u0628\u0646\u0627\u0646\" data-secret=\"0u37D58Jjv\" frameborder=\"0\" marginwidth=\"0\" marginheight=\"0\" scrolling=\"no\" class=\"wp-embedded-content\"><\/iframe><script>\n\/*! This file is auto-generated *\/\n!function(d,l){\"use strict\";l.querySelector&&d.addEventListener&&\"undefined\"!=typeof URL&&(d.wp=d.wp||{},d.wp.receiveEmbedMessage||(d.wp.receiveEmbedMessage=function(e){var t=e.data;if((t||t.secret||t.message||t.value)&&!\/[^a-zA-Z0-9]\/.test(t.secret)){for(var s,r,n,a=l.querySelectorAll('iframe[data-secret=\"'+t.secret+'\"]'),o=l.querySelectorAll('blockquote[data-secret=\"'+t.secret+'\"]'),c=new RegExp(\"^https?:$\",\"i\"),i=0;i<o.length;i++)o[i].style.display=\"none\";for(i=0;i<a.length;i++)s=a[i],e.source===s.contentWindow&&(s.removeAttribute(\"style\"),\"height\"===t.message?(1e3<(r=parseInt(t.value,10))?r=1e3:~~r<200&&(r=200),s.height=r):\"link\"===t.message&&(r=new URL(s.getAttribute(\"src\")),n=new URL(t.value),c.test(n.protocol))&&n.host===r.host&&l.activeElement===s&&(d.top.location.href=t.value))}},d.addEventListener(\"message\",d.wp.receiveEmbedMessage,!1),l.addEventListener(\"DOMContentLoaded\",function(){for(var e,t,s=l.querySelectorAll(\"iframe.wp-embedded-content\"),r=0;r<s.length;r++)(t=(e=s[r]).getAttribute(\"data-secret\"))||(t=Math.random().toString(36).substring(2,12),e.src+=\"#?secret=\"+t,e.setAttribute(\"data-secret\",t)),e.contentWindow.postMessage({message:\"ready\",secret:t},\"*\")},!1)))}(window,document);\n\/\/# sourceURL=https:\/\/nhrclb.org\/wp-includes\/js\/wp-embed.min.js\n<\/script>\n","thumbnail_url":"https:\/\/nhrclb.org\/wp-content\/uploads\/2026\/09\/c75394c3-04a7-402d-813c-b18194cd6a5b.jpg","thumbnail_width":1200,"thumbnail_height":800,"description":"La Commission nationale des droits de l\u2019homme, qui comprend le Comit\u00e9 pour la pr\u00e9vention de la torture, a particip\u00e9 \u00e0 la session de dialogue organis\u00e9e par le Centre arabe de recherches et d\u2019\u00e9tudes politiques \u2013 Beyrouth, en partenariat avec l\u2019organisation SMEX, \u00e0 l\u2019occasion du lancement d\u2019une note de politique publique intitul\u00e9e \u00ab Prot\u00e9ger les enfants [&hellip;]"}

الهيئة الوطنية لحقوق الإنسان - لبنان

La CNDH présente son avis sur deux propositions de loi visant à encadrer l’utilisation des réseaux sociaux par les enfants | الهيئة الوطنية لحقوق الإنسان - لبنان

<blockquote class="wp-embedded-content" data-secret="0u37D58Jjv"><a href="https://nhrclb.org/fr/archives/8329">La CNDH présente son avis sur deux propositions de loi visant à encadrer l’utilisation des réseaux sociaux par les enfants</a></blockquote><iframe sandbox="allow-scripts" security="restricted" src="https://nhrclb.org/fr/archives/8329/embed#?secret=0u37D58Jjv" width="600" height="338" title="« La CNDH présente son avis sur deux propositions de loi visant à encadrer l’utilisation des réseaux sociaux par les enfants » &#8212; الهيئة الوطنية لحقوق الإنسان - لبنان" data-secret="0u37D58Jjv" frameborder="0" marginwidth="0" marginheight="0" scrolling="no" class="wp-embedded-content"></iframe><script>
/*! This file is auto-generated */
!function(d,l){"use strict";l.querySelector&&d.addEventListener&&"undefined"!=typeof URL&&(d.wp=d.wp||{},d.wp.receiveEmbedMessage||(d.wp.receiveEmbedMessage=function(e){var t=e.data;if((t||t.secret||t.message||t.value)&&!/[^a-zA-Z0-9]/.test(t.secret)){for(var s,r,n,a=l.querySelectorAll('iframe[data-secret="'+t.secret+'"]'),o=l.querySelectorAll('blockquote[data-secret="'+t.secret+'"]'),c=new RegExp("^https?:$","i"),i=0;i<o.length;i++)o[i].style.display="none";for(i=0;i<a.length;i++)s=a[i],e.source===s.contentWindow&&(s.removeAttribute("style"),"height"===t.message?(1e3<(r=parseInt(t.value,10))?r=1e3:~~r<200&&(r=200),s.height=r):"link"===t.message&&(r=new URL(s.getAttribute("src")),n=new URL(t.value),c.test(n.protocol))&&n.host===r.host&&l.activeElement===s&&(d.top.location.href=t.value))}},d.addEventListener("message",d.wp.receiveEmbedMessage,!1),l.addEventListener("DOMContentLoaded",function(){for(var e,t,s=l.querySelectorAll("iframe.wp-embedded-content"),r=0;r<s.length;r++)(t=(e=s[r]).getAttribute("data-secret"))||(t=Math.random().toString(36).substring(2,12),e.src+="#?secret="+t,e.setAttribute("data-secret",t)),e.contentWindow.postMessage({message:"ready",secret:t},"*")},!1)))}(window,document);
//# sourceURL=https://nhrclb.org/wp-includes/js/wp-embed.min.js
</script>

La Commission nationale des droits de l’homme, qui comprend le Comité pour la prévention de la torture, a participé à la session de dialogue organisée par le Centre arabe de recherches et d’études politiques – Beyrouth, en partenariat avec l’organisation SMEX, à l’occasion du lancement d’une note de politique publique intitulée « Protéger les enfants [&hellip;]
