{"version":"1.0","provider_name":"\u0627\u0644\u0647\u064a\u0626\u0629 \u0627\u0644\u0648\u0637\u0646\u064a\u0629 \u0644\u062d\u0642\u0648\u0642 \u0627\u0644\u0625\u0646\u0633\u0627\u0646 - \u0644\u0628\u0646\u0627\u0646","provider_url":"https:\/\/nhrclb.org\/fr","author_name":"NHRCLB","author_url":"https:\/\/nhrclb.org\/fr\/archives\/author\/admin2024","title":"La Commission nationale des droits de l\u2019homme appelle \u00e0 activer les m\u00e9canismes internationaux de responsabilit\u00e9 \u00e0 la suite du ciblage de journalistes \u00e0 Al-Tiri | \u0627\u0644\u0647\u064a\u0626\u0629 \u0627\u0644\u0648\u0637\u0646\u064a\u0629 \u0644\u062d\u0642\u0648\u0642 \u0627\u0644\u0625\u0646\u0633\u0627\u0646 - \u0644\u0628\u0646\u0627\u0646","type":"rich","width":600,"height":338,"html":"<blockquote class=\"wp-embedded-content\" data-secret=\"MdjICAFNra\"><a href=\"https:\/\/nhrclb.org\/fr\/archives\/6740\">La Commission nationale des droits de l\u2019homme appelle \u00e0 activer les m\u00e9canismes internationaux de responsabilit\u00e9 \u00e0 la suite du ciblage de journalistes \u00e0 Al-Tiri<\/a><\/blockquote><iframe sandbox=\"allow-scripts\" security=\"restricted\" src=\"https:\/\/nhrclb.org\/fr\/archives\/6740\/embed#?secret=MdjICAFNra\" width=\"600\" height=\"338\" title=\"\u00ab\u00a0La Commission nationale des droits de l\u2019homme appelle \u00e0 activer les m\u00e9canismes internationaux de responsabilit\u00e9 \u00e0 la suite du ciblage de journalistes \u00e0 Al-Tiri\u00a0\u00bb &#8212; \u0627\u0644\u0647\u064a\u0626\u0629 \u0627\u0644\u0648\u0637\u0646\u064a\u0629 \u0644\u062d\u0642\u0648\u0642 \u0627\u0644\u0625\u0646\u0633\u0627\u0646 - \u0644\u0628\u0646\u0627\u0646\" data-secret=\"MdjICAFNra\" frameborder=\"0\" marginwidth=\"0\" marginheight=\"0\" scrolling=\"no\" class=\"wp-embedded-content\"><\/iframe><script type=\"text\/javascript\">\n\/* <![CDATA[ *\/\n\/*! This file is auto-generated *\/\n!function(d,l){\"use strict\";l.querySelector&&d.addEventListener&&\"undefined\"!=typeof URL&&(d.wp=d.wp||{},d.wp.receiveEmbedMessage||(d.wp.receiveEmbedMessage=function(e){var t=e.data;if((t||t.secret||t.message||t.value)&&!\/[^a-zA-Z0-9]\/.test(t.secret)){for(var s,r,n,a=l.querySelectorAll('iframe[data-secret=\"'+t.secret+'\"]'),o=l.querySelectorAll('blockquote[data-secret=\"'+t.secret+'\"]'),c=new RegExp(\"^https?:$\",\"i\"),i=0;i<o.length;i++)o[i].style.display=\"none\";for(i=0;i<a.length;i++)s=a[i],e.source===s.contentWindow&&(s.removeAttribute(\"style\"),\"height\"===t.message?(1e3<(r=parseInt(t.value,10))?r=1e3:~~r<200&&(r=200),s.height=r):\"link\"===t.message&&(r=new URL(s.getAttribute(\"src\")),n=new URL(t.value),c.test(n.protocol))&&n.host===r.host&&l.activeElement===s&&(d.top.location.href=t.value))}},d.addEventListener(\"message\",d.wp.receiveEmbedMessage,!1),l.addEventListener(\"DOMContentLoaded\",function(){for(var e,t,s=l.querySelectorAll(\"iframe.wp-embedded-content\"),r=0;r<s.length;r++)(t=(e=s[r]).getAttribute(\"data-secret\"))||(t=Math.random().toString(36).substring(2,12),e.src+=\"#?secret=\"+t,e.setAttribute(\"data-secret\",t)),e.contentWindow.postMessage({message:\"ready\",secret:t},\"*\")},!1)))}(window,document);\n\/\/# sourceURL=https:\/\/nhrclb.org\/wp-includes\/js\/wp-embed.min.js\n\/* ]]> *\/\n<\/script>\n","thumbnail_url":"https:\/\/nhrclb.org\/wp-content\/uploads\/2026\/04\/Amal-Khalil.webp","thumbnail_width":1200,"thumbnail_height":705,"description":"La Commission nationale des droits de l\u2019homme, incluant le Comit\u00e9 pour la pr\u00e9vention de la torture, a d\u00e9clar\u00e9 que l\u2019enqu\u00eate et la documentation p\u00e9nale du crime commis par l\u2019occupation isra\u00e9lienne \u2014 ayant entra\u00een\u00e9 la mort de la journaliste Amal Khalil, du moukhtar de la ville de Bint Jbeil, Ali Nabil Bazzi, et du citoyen Mohammad [&hellip;]"}

الهيئة الوطنية لحقوق الإنسان - لبنان

La Commission nationale des droits de l’homme appelle à activer les mécanismes internationaux de responsabilité à la suite du ciblage de journalistes à Al-Tiri | الهيئة الوطنية لحقوق الإنسان - لبنان

<blockquote class="wp-embedded-content" data-secret="MdjICAFNra"><a href="https://nhrclb.org/fr/archives/6740">La Commission nationale des droits de l’homme appelle à activer les mécanismes internationaux de responsabilité à la suite du ciblage de journalistes à Al-Tiri</a></blockquote><iframe sandbox="allow-scripts" security="restricted" src="https://nhrclb.org/fr/archives/6740/embed#?secret=MdjICAFNra" width="600" height="338" title="« La Commission nationale des droits de l’homme appelle à activer les mécanismes internationaux de responsabilité à la suite du ciblage de journalistes à Al-Tiri » &#8212; الهيئة الوطنية لحقوق الإنسان - لبنان" data-secret="MdjICAFNra" frameborder="0" marginwidth="0" marginheight="0" scrolling="no" class="wp-embedded-content"></iframe><script type="text/javascript">
/* <![CDATA[ */
/*! This file is auto-generated */
!function(d,l){"use strict";l.querySelector&&d.addEventListener&&"undefined"!=typeof URL&&(d.wp=d.wp||{},d.wp.receiveEmbedMessage||(d.wp.receiveEmbedMessage=function(e){var t=e.data;if((t||t.secret||t.message||t.value)&&!/[^a-zA-Z0-9]/.test(t.secret)){for(var s,r,n,a=l.querySelectorAll('iframe[data-secret="'+t.secret+'"]'),o=l.querySelectorAll('blockquote[data-secret="'+t.secret+'"]'),c=new RegExp("^https?:$","i"),i=0;i<o.length;i++)o[i].style.display="none";for(i=0;i<a.length;i++)s=a[i],e.source===s.contentWindow&&(s.removeAttribute("style"),"height"===t.message?(1e3<(r=parseInt(t.value,10))?r=1e3:~~r<200&&(r=200),s.height=r):"link"===t.message&&(r=new URL(s.getAttribute("src")),n=new URL(t.value),c.test(n.protocol))&&n.host===r.host&&l.activeElement===s&&(d.top.location.href=t.value))}},d.addEventListener("message",d.wp.receiveEmbedMessage,!1),l.addEventListener("DOMContentLoaded",function(){for(var e,t,s=l.querySelectorAll("iframe.wp-embedded-content"),r=0;r<s.length;r++)(t=(e=s[r]).getAttribute("data-secret"))||(t=Math.random().toString(36).substring(2,12),e.src+="#?secret="+t,e.setAttribute("data-secret",t)),e.contentWindow.postMessage({message:"ready",secret:t},"*")},!1)))}(window,document);
//# sourceURL=https://nhrclb.org/wp-includes/js/wp-embed.min.js
/* ]]> */
</script>

La Commission nationale des droits de l’homme, incluant le Comité pour la prévention de la torture, a déclaré que l’enquête et la documentation pénale du crime commis par l’occupation israélienne — ayant entraîné la mort de la journaliste Amal Khalil, du moukhtar de la ville de Bint Jbeil, Ali Nabil Bazzi, et du citoyen Mohammad [&hellip;]
