{"version":"1.0","provider_name":"\u0627\u0644\u0647\u064a\u0626\u0629 \u0627\u0644\u0648\u0637\u0646\u064a\u0629 \u0644\u062d\u0642\u0648\u0642 \u0627\u0644\u0625\u0646\u0633\u0627\u0646 - \u0644\u0628\u0646\u0627\u0646","provider_url":"https:\/\/nhrclb.org\/fr","author_name":"NHRCLB","author_url":"https:\/\/nhrclb.org\/fr\/archives\/author\/admin2024","title":"Le Liban lance les proc\u00e9dures op\u00e9rationnelles normalis\u00e9es pour l\u2019identification, l\u2019assistance et la protection des victimes de la traite des personnes | \u0627\u0644\u0647\u064a\u0626\u0629 \u0627\u0644\u0648\u0637\u0646\u064a\u0629 \u0644\u062d\u0642\u0648\u0642 \u0627\u0644\u0625\u0646\u0633\u0627\u0646 - \u0644\u0628\u0646\u0627\u0646","type":"rich","width":600,"height":338,"html":"<blockquote class=\"wp-embedded-content\" data-secret=\"Eba6V1VDtC\"><a href=\"https:\/\/nhrclb.org\/fr\/archives\/3582\">Le Liban lance les proc\u00e9dures op\u00e9rationnelles normalis\u00e9es pour l\u2019identification, l\u2019assistance et la protection des victimes de la traite des personnes<\/a><\/blockquote><iframe sandbox=\"allow-scripts\" security=\"restricted\" src=\"https:\/\/nhrclb.org\/fr\/archives\/3582\/embed#?secret=Eba6V1VDtC\" width=\"600\" height=\"338\" title=\"\u00ab\u00a0Le Liban lance les proc\u00e9dures op\u00e9rationnelles normalis\u00e9es pour l\u2019identification, l\u2019assistance et la protection des victimes de la traite des personnes\u00a0\u00bb &#8212; \u0627\u0644\u0647\u064a\u0626\u0629 \u0627\u0644\u0648\u0637\u0646\u064a\u0629 \u0644\u062d\u0642\u0648\u0642 \u0627\u0644\u0625\u0646\u0633\u0627\u0646 - \u0644\u0628\u0646\u0627\u0646\" data-secret=\"Eba6V1VDtC\" frameborder=\"0\" marginwidth=\"0\" marginheight=\"0\" scrolling=\"no\" class=\"wp-embedded-content\"><\/iframe><script type=\"text\/javascript\">\n\/* <![CDATA[ *\/\n\/*! This file is auto-generated *\/\n!function(d,l){\"use strict\";l.querySelector&&d.addEventListener&&\"undefined\"!=typeof URL&&(d.wp=d.wp||{},d.wp.receiveEmbedMessage||(d.wp.receiveEmbedMessage=function(e){var t=e.data;if((t||t.secret||t.message||t.value)&&!\/[^a-zA-Z0-9]\/.test(t.secret)){for(var s,r,n,a=l.querySelectorAll('iframe[data-secret=\"'+t.secret+'\"]'),o=l.querySelectorAll('blockquote[data-secret=\"'+t.secret+'\"]'),c=new RegExp(\"^https?:$\",\"i\"),i=0;i<o.length;i++)o[i].style.display=\"none\";for(i=0;i<a.length;i++)s=a[i],e.source===s.contentWindow&&(s.removeAttribute(\"style\"),\"height\"===t.message?(1e3<(r=parseInt(t.value,10))?r=1e3:~~r<200&&(r=200),s.height=r):\"link\"===t.message&&(r=new URL(s.getAttribute(\"src\")),n=new URL(t.value),c.test(n.protocol))&&n.host===r.host&&l.activeElement===s&&(d.top.location.href=t.value))}},d.addEventListener(\"message\",d.wp.receiveEmbedMessage,!1),l.addEventListener(\"DOMContentLoaded\",function(){for(var e,t,s=l.querySelectorAll(\"iframe.wp-embedded-content\"),r=0;r<s.length;r++)(t=(e=s[r]).getAttribute(\"data-secret\"))||(t=Math.random().toString(36).substring(2,12),e.src+=\"#?secret=\"+t,e.setAttribute(\"data-secret\",t)),e.contentWindow.postMessage({message:\"ready\",secret:t},\"*\")},!1)))}(window,document);\n\/\/# sourceURL=https:\/\/nhrclb.org\/wp-includes\/js\/wp-embed.min.js\n\/* ]]> *\/\n<\/script>\n","thumbnail_url":"https:\/\/nhrclb.org\/wp-content\/uploads\/2025\/10\/WhatsApp-Image-2025-10-29-at-10.30.18-AM.jpeg","thumbnail_width":1600,"thumbnail_height":1200,"description":"Le Minist\u00e8re des Affaires sociales, en collaboration avec les Minist\u00e8res de la Justice, de l\u2019Int\u00e9rieur et des Municipalit\u00e9s, et du Travail, a officiellement lanc\u00e9 les Proc\u00e9dures op\u00e9rationnelles normalis\u00e9es (PON) pour l\u2019identification, l\u2019assistance et la protection des victimes de la traite des personnes au Liban, lors d\u2019une c\u00e9r\u00e9monie organis\u00e9e \u00e0 l\u2019h\u00f4tel Small Ville \u00e0 Badaro, Beyrouth. [&hellip;]"}

الهيئة الوطنية لحقوق الإنسان - لبنان

Le Liban lance les procédures opérationnelles normalisées pour l’identification, l’assistance et la protection des victimes de la traite des personnes | الهيئة الوطنية لحقوق الإنسان - لبنان

<blockquote class="wp-embedded-content" data-secret="Eba6V1VDtC"><a href="https://nhrclb.org/fr/archives/3582">Le Liban lance les procédures opérationnelles normalisées pour l’identification, l’assistance et la protection des victimes de la traite des personnes</a></blockquote><iframe sandbox="allow-scripts" security="restricted" src="https://nhrclb.org/fr/archives/3582/embed#?secret=Eba6V1VDtC" width="600" height="338" title="« Le Liban lance les procédures opérationnelles normalisées pour l’identification, l’assistance et la protection des victimes de la traite des personnes » &#8212; الهيئة الوطنية لحقوق الإنسان - لبنان" data-secret="Eba6V1VDtC" frameborder="0" marginwidth="0" marginheight="0" scrolling="no" class="wp-embedded-content"></iframe><script type="text/javascript">
/* <![CDATA[ */
/*! This file is auto-generated */
!function(d,l){"use strict";l.querySelector&&d.addEventListener&&"undefined"!=typeof URL&&(d.wp=d.wp||{},d.wp.receiveEmbedMessage||(d.wp.receiveEmbedMessage=function(e){var t=e.data;if((t||t.secret||t.message||t.value)&&!/[^a-zA-Z0-9]/.test(t.secret)){for(var s,r,n,a=l.querySelectorAll('iframe[data-secret="'+t.secret+'"]'),o=l.querySelectorAll('blockquote[data-secret="'+t.secret+'"]'),c=new RegExp("^https?:$","i"),i=0;i<o.length;i++)o[i].style.display="none";for(i=0;i<a.length;i++)s=a[i],e.source===s.contentWindow&&(s.removeAttribute("style"),"height"===t.message?(1e3<(r=parseInt(t.value,10))?r=1e3:~~r<200&&(r=200),s.height=r):"link"===t.message&&(r=new URL(s.getAttribute("src")),n=new URL(t.value),c.test(n.protocol))&&n.host===r.host&&l.activeElement===s&&(d.top.location.href=t.value))}},d.addEventListener("message",d.wp.receiveEmbedMessage,!1),l.addEventListener("DOMContentLoaded",function(){for(var e,t,s=l.querySelectorAll("iframe.wp-embedded-content"),r=0;r<s.length;r++)(t=(e=s[r]).getAttribute("data-secret"))||(t=Math.random().toString(36).substring(2,12),e.src+="#?secret="+t,e.setAttribute("data-secret",t)),e.contentWindow.postMessage({message:"ready",secret:t},"*")},!1)))}(window,document);
//# sourceURL=https://nhrclb.org/wp-includes/js/wp-embed.min.js
/* ]]> */
</script>

Le Ministère des Affaires sociales, en collaboration avec les Ministères de la Justice, de l’Intérieur et des Municipalités, et du Travail, a officiellement lancé les Procédures opérationnelles normalisées (PON) pour l’identification, l’assistance et la protection des victimes de la traite des personnes au Liban, lors d’une cérémonie organisée à l’hôtel Small Ville à Badaro, Beyrouth. [&hellip;]
